*g. Let w(x) = -x**3 + 3*x**2 - 2*x + 2. Let v be w(3). Determine z(v).
1
Suppose 2*u - 2*h = 5 + 3, 0 = 2*h + 8. Let p(b) be the third derivative of 1/120*b**6 - 1/30*b**5 - 1/6*b**4 + 0*b + 3*b**2 + u + 1/6*b**3. Give p(3).
-2
Let k(y) = y**3 - 4*y**2 - 2*y + 6. Let s be k(4). Let t(o) = 7*o + 3. Let r = 4 + -1. Let q(j) = 4*j + 2. Let v(u) = r*t(u) - 5*q(u). Give v(s).
-3
Let m = 0 + 3. Let a(f) be the third derivative of 1/24*f**4 + 6*f**2 + 0*f**3 + 0*f + 0. Calculate a(m).
3
Let o(c) = 2*c - 6. Let l be 3/(-4 + 1) + 4. Suppose -4*a + l*a + 5 = 0. Determine o(a).
4
Let f(w) = 5*w**3 - w**2 + w - 1. Let h be (1 - (-2 + 5))/(-2). Suppose 4*k + 4*a = 16, h = -3*k + 7*k - a. Calculate f(k).
4
Let j(c) be the first derivative of -c**6/360 + c**5/40 - c**4/6 + c**3 + 2. Let v(t) be the third derivative of j(t). Calculate v(3).
-4
Let b(t) = t**2 - 2*t - 1. Let u be b(3). Let x(m) = 5*m + 2*m**2 + m**3 + 4 - 9*m**u + 0. Calculate x(6).
-2
Let s be (-4)/10*(-20)/8. Let p be (-12)/3*(s - 0). Let i(f) = -f - 5 - 3*f - 7*f**2 + 2*f**2 - f**3. Give i(p).
-5
Let x(c) = 7*c + 9. Let s(z) be the second derivative of 0 - 17/2*z**2 + z - 13/6*z**3. Let i(d) = -6*s(d) - 11*x(d). What is i(-4)?
-1
Let x(l) be the first derivative of -5/2*l**2 + 3*l - 1/3*l**3 + 4. Calculate x(-5).
3
Suppose -8*m + 8 + 16 = 0. Let h(b) be the third derivative of b**5/60 - b**4/6 - b**2. Determine h(m).
-3
Let o(a) = a**3 - 5*a**2 - 4*a - 7. Let q be o(6). Suppose -4*g + 5 = g - q*m, 3*g = 5*m + 1. Let x(i) = 2*i**2 - 2*i**g + 4*i - 2 - i**2. Determine x(3).
1
Let z(y) be the first derivative of y**5/120 + y**3 + 6. Let r(p) be the third derivative of z(p). Give r(1).
1
Suppose 3*k + 28 = -5*a, -5*k + 4 = -3*a - 6. Let s(t) = -5*t + 1. Give s(k).
6
Let o(l) be the first derivative of -l**3/3 + l**2/2 + 17. Suppose 8 = -4*y - 0. What is o(y)?
-6
Let q(b) be the third derivative of -b**6/120 - b**5/15 + b**4/6 - b**3 + 17*b**2. Let i = 19 - 11. Let u = i - 13. Give q(u).
-1
Let m = -10 + 37. Let h(p) = m*p**2 + p - 28*p**2 + 0 + 3. Calculate h(-3).
-9
Suppose -5 = -o - 4*m + 5, o + m - 4 = 0. Let p(h) = -3 - h**2 - 4*h + 0*h**2 + 0*h**o. Let v be (1 + 1)/(1/(-1)). Determine p(v).
1
Let j(z) = -z**2 - 3*z - 3. Let u(f) = f + 4. Let i be u(8). Let k = 9 - i. Calculate j(k).
-3
Let c(p) = -2*p**2 + 0*p**2 + 3*p**2 + 5*p. Suppose 2*v - 2 = 3*v + i, 5*v + i + 14 = 0. Calculate c(v).
-6
Let o be 9/(6*5/(-20)). Let d(n) = -n**2. Let u(v) = -5*v**2 - 4*v + 6. Let q(m) = 4*d(m) - u(m). What is q(o)?
6
Suppose 0 = -4*g + 4*h + 32, -g - 5 = -2*h - 16. Suppose -g*x = -3*x. Let y be (-10 - 0)/(x + 2). Let t(w) = -w**2 - 4*w. Give t(y).
-5
Let c(y) = -y + 6. Let v be c(3). Let w(f) = -4*f**3 + 5*f**v - 3*f**3 + f - 5*f**2 + 3 + 3*f**3. Let z be (-6 + 2)/(-1 + 0). Determine w(z).
-9
Let j(m) = m**2 - 7 + m**2 + 2 - m**2 - m**3. What is j(0)?
-5
Let o(w) be the third derivative of w**6/360 - w**5/30 - w**4/6 + 2*w**3/3 + w**2. Let j(d) be the first derivative of o(d). Calculate j(4).
-4
Let c(w) be the third derivative of 0*w + 0 + 3*w**2 + 1/24*w**4 + 1/3*w**3. Calculate c(-3).
-1
Let q(p) be the first derivative of p**2/2 - 2*p + 2. Give q(0).
-2
Let u be 1*2/(-4)*0. Let h(g) = g**2 - 8*g + 9. Let o be h(7). Let j(f) = 2 + 3*f**o - 4*f**2 - f + f**3 + 0*f**2. Give j(u).
2
Let j(w) = -7 + 5*w + w**2 - 12*w + 12*w. Let y = -17 - -11. Calculate j(y).
-1
Suppose 34 = 3*j - 2. Suppose -m + j = 4*i, 8 = 4*m - 0*i - 4*i. Let v(t) = -t**3 + 3*t**2 + 3*t - 4. What is v(m)?
-8
Let a(u) = -u**3 - 6*u**2 - 2*u + 10. Let r be a(-5). Let v(q) = -q - 9. Determine v(r).
-4
Let l(q) = 3*q. Let r be l(1). Let t(i) = 2 - 137*i + 131*i + i**2 + 0*i**2. Give t(r).
-7
Let z(b) = -1 - 3 + 0 + b**2 + 3*b. Suppose 9 = 3*k - 0*k. Let l(v) = v**2 - 6*v + 4. Let c be l(k). Give z(c).
6
Let r(y) = -y**2 - 7*y - 3. Let m = -1 - 5. What is r(m)?
3
Let g = 48 - 46. Let m(b) = -7*b + 1. Determine m(g).
-13
Suppose 7*a - 16 = 3*a. Let o be a/(-10)*(9 - -1). Let p(b) = b + 7. Calculate p(o).
3
Let y(i) = -i**2 + 7*i + 2. Let x = 7 + 0. Let f be y(x). Let b(d) = 5*d**2 - 4*d - 3*d**f - 3*d**2 + 4. Give b(-4).
4
Let m(f) = -3 - 28*f + 32*f + 2*f**2 + 2. Let j be 3/2*1*-2. Calculate m(j).
5
Let o(t) = 28*t + 5. Suppose 55 = -5*c - 15. Let p(k) = -9*k - 2. Let w(x) = c*p(x) - 4*o(x). Let y(b) = 5*b + 3. Let m(f) = -3*w(f) + 8*y(f). Give m(-1).
2
Let f(t) = -10*t**2 + 3*t**2 + 2*t**2 + 6*t**2 - 1 + t. Give f(0).
-1
Suppose -3*l = 4*x - 3 + 35, -x - 2*l = 13. Let a(z) = -3*z**2 + z - 4. Let m(c) = 2*c**2 + 2. Let o(h) = x*m(h) - 3*a(h). Give o(-5).
-8
Let c(v) = v**2 + v - 1. Suppose 4*y - 4*l - 25 = -y, 0 = -5*l - 25. Give c(y).
1
Suppose 0 = 7*o - 3*o + 20. Let z = o - -4. Let i(d) = -4*d**3 + d**2 - 1. Give i(z).
4
Let b(d) be the second derivative of -d**5/20 + d**4/6 + d**2/2 + 18*d. What is b(2)?
1
Suppose -3*f - f + m + 20 = 0, f + 3*m - 5 = 0. Let l(v) = -f*v + 5*v - v. What is l(5)?
-5
Suppose -18 = -2*p - 2*t, -p - 7*t = -3*t - 21. Let k(h) = -3*h**2 + 2*h - 2. Let s(m) = 2*m**2 - m + 1. Let v(q) = p*s(q) + 3*k(q). Determine v(-4).
11
Let c = 8 + -3. Let h(k) = -k**3 - c*k - k**2 - 4 - 5*k**2 + 2. Suppose 3*l - 25 = 8*l. Calculate h(l).
-2
Let c(r) = r - 1. Let y = -7 - -2. Let n be c(y). Let v be 2/4*-1*n. Let u(a) = -a**3 + 4*a**2 - 3*a - 1. Give u(v).
-1
Let s(t) = -t**2 - t + 3. Suppose p - 2 + 5 = 0. Determine s(p).
-3
Let y be 2*5/(15/6). Let g(t) = -3*t - 6 + y*t + 3*t - 5*t. Suppose 5*i + 0*k = -2*k - 17, 3 = -3*k. What is g(i)?
-3
Let b(f) be the second derivative of -f**4/12 + 2*f**3/3 - 2*f**2 + 3*f. Let n(v) be the first derivative of v**2 - 5*v + 1. Let r be n(5). Calculate b(r).
-9
Suppose -100 = 4*q - 7*d + 2*d, -3*d = -q - 25. Let j be (-1)/(-5) + (-70)/q. Let s(p) = j*p + 0*p**2 - 3*p + p**2 + 4. Calculate s(0).
4
Let s be 1 - (-1 - (2 + -1)). Suppose 0 + 4 = 2*g. Let a(n) = 4*n**3 - g + 2*n**s - n**2 - 3*n - 5*n**3. Give a(3).
7
Let k(u) = 7*u - 19. Let w(d) = -10*d + 29. Let o(m) = -7*k(m) - 5*w(m). Suppose -32 - 20 = 4*a. Let j = -7 - a. Give o(j).
-6
Let w be 2/(-8) - ((-20)/16 - -6). Let h(y) = 4*y + 3. What is h(w)?
-17
Let j be (4 - -1)*1*1. Suppose 4*k - 1 = q, 0 = -j*q + 2*q - 4*k + 13. Let a(z) = -2*z + 4. Determine a(q).
-2
Let i(q) be the third derivative of -q**4/24 + q**3/2 - q**2. Let o be ((-6)/(-4))/(39/52). Determine i(o).
1
Let j(v) = v**3 + 2*v**2 - v. Let r be j(-2). Let o(q) = 9*q**2 - 4*q**r + 7 - 1 - q**3. Let z(s) = s**2 - s + 5. Let f be z(0). What is o(f)?
6
Let j(t) = t**3 + 6*t**2 + 3*t - 7. Let p be 4 - ((-3)/(-3))/(1/9). Calculate j(p).
3
Let g(h) = -h**2 + 7*h - 6. Suppose 2*i = 5*i. Let b be (i - 45/3)/1. Let w be (6/9)/((-2)/b). Calculate g(w).
4
Let o(j) = 7*j - 6*j - 2*j + 0*j - 12. Calculate o(-5).
-7
Let r(f) = -3*f + 4. Let a be r(3). Let i(z) = -4*z**3 - 4*z**2 + 9*z - 4. Let o(p) = 7*p**3 + 8*p**2 - 17*p + 8. Let j(k) = -5*i(k) - 3*o(k). Determine j(a).
-9
Suppose 10 = u + 4. Let d(w) be the third derivative of -w**5/60 + 7*w**4/24 + 2*w**3/3 - 6*w**2. Determine d(u).
10
Let t(y) = 4*y. Let q(x) = -4*x - 1. Let p(v) = 3*q(v) + 2*t(v). Let a(s) = s**2 - 12*s - 15. Let z be a(13). Calculate p(z).
5
Let d(o) = 7*o - 2. Let k(l) = -l + 1. Let u(x) = d(x) + 6*k(x). Let g(a) = a + 4. Let m be g(-7). Give u(m).
1
Suppose -8 = -4*s, -4 = o - 4*s - 0. Let i be (o - 1)/(6/10). Let t(d) = 1 + 4*d**2 + 2*d - d**3 + 4*d + 3. Determine t(i).
9
Let x(z) = z**2 + 8*z + 4. Let k = -14 - -8. What is x(k)?
-8
Suppose -f = -2*f. Let z = -2 - f. Let k(p) = -p**3 - p**2 + 3*p + 2. Calculate k(z).
0
Let k(q) = q**3 - 2*q**2 + 2*q - 1. Suppose 0 = -7*y + 8 + 6. Determine k(y).
3
Suppose -6*x - 9 = -27. Let r(l) = -2*l - 5 + 3 + 0*l. What is r(x)?
-8
Let f = 1 - -1. Suppose 2*b = g - 4*g - 5, -4 = b. Let o(y) = y - 5*y + 2*y + 2*y**2 + g - y**f. Determine o(3).
4
Suppose n + a + 4 = -n, -5*n = 3*a + 9. Let b(k) = -k**2 - k. Give b(n).
-6
Let p(m) be the first derivative of m**4/4 + 3*m**3 + 5*m**2 - 6*m - 35. Determine p(-8).
-22
Let i(w) be the first derivative of -2*w - 1/2*w**2 - 3. Determine i(-4).
2
Let c(p) be the third derivative of -p**7/840 + p**6/72 - p**5/40 - p**4/6 + p**3 + 2*p**2. Let q(s) be the first derivative of c(s). Give q(3).
5
Suppose 40 = 8*y - 3*y. Let x = y - 